{"id":13860,"date":"2014-05-01T07:00:35","date_gmt":"2014-05-01T06:00:35","guid":{"rendered":"https:\/\/www.vendee-camping-bellevue.com\/?p=26"},"modified":"2014-05-01T07:00:35","modified_gmt":"2014-05-01T06:00:35","slug":"approved-campsite-vacaf-vendee","status":"publish","type":"editorial","link":"https:\/\/www.vendee-camping-bellevue.com\/en\/editorial\/camping-agree-vacaf-vendee\/","title":{"rendered":"Vacaf Vend\u00e9e approved campsite"},"content":{"rendered":"<p style=\"text-align: left;\">En partant avec un<strong> camping agr\u00e9\u00e9 vacaf Vend\u00e9e<\/strong>, vous \u00eates assur\u00e9 de passer des vacances au meilleur prix.<br \/>\nC\u2019est ce que vous propose le camping agr\u00e9\u00e9 du domaine du Domaine de Bellevue \u00e0 Saint Christophe de Ligneron.<\/p>\n<p style=\"text-align: center;\"><img loading=\"lazy\" decoding=\"async\" class=\"aligncenter  wp-image-22865\" src=\"https:\/\/www.vendee-camping-bellevue.com\/wp-content\/uploads\/2023\/12\/IMG20230810213336.jpg\" alt=\"Gage en concert sur le camping\" width=\"716\" height=\"955\" \/><\/p>\n<p style=\"text-align: center;\"><em>Avant tout, qui peut b\u00e9n\u00e9ficier de ce <strong>service vacaf<\/strong> ? <\/em><br \/>\nIl s\u2019agit tout simplement des b\u00e9n\u00e9ficiaires de la CAF ( Caisse d&rsquo;Allocation Familiale) qui n\u2019auraient pas les moyens de partir en vacances. Parce que l\u2019acc\u00e8s aux vacances est consid\u00e9r\u00e9 comme un <a href=\"http:\/\/www.revue-espaces.com\/librairie\/1405\/droit-vacances-bourse-solidarite-vacances-tourisme-social.html\" target=\"_blank\" rel=\"noopener noreferrer\">droit fondamental<\/a>, le label vacaf repr\u00e9sente un pas de plus dans la lutte contre les exclusions.<br \/>\n<img loading=\"lazy\" decoding=\"async\" class=\"aligncenter  wp-image-22772\" src=\"https:\/\/www.vendee-camping-bellevue.com\/wp-content\/uploads\/2023\/12\/20220705_150350.jpg\" alt=\"tir a l arc soft archery\" width=\"892\" height=\"669\" \/><\/p>\n<h2><span data-sheets-root=\"1\" data-sheets-value=\"{&quot;1&quot;:2,&quot;2&quot;:&quot;Camping agr\u00e9\u00e9 vacaf Vend\u00e9e&quot;}\" data-sheets-userformat=\"{&quot;2&quot;:573,&quot;3&quot;:{&quot;1&quot;:0},&quot;5&quot;:{&quot;1&quot;:[{&quot;1&quot;:2,&quot;2&quot;:0,&quot;5&quot;:{&quot;1&quot;:2,&quot;2&quot;:0}},{&quot;1&quot;:0,&quot;2&quot;:0,&quot;3&quot;:3},{&quot;1&quot;:1,&quot;2&quot;:0,&quot;4&quot;:1}]},&quot;6&quot;:{&quot;1&quot;:[{&quot;1&quot;:2,&quot;2&quot;:0,&quot;5&quot;:{&quot;1&quot;:2,&quot;2&quot;:0}},{&quot;1&quot;:0,&quot;2&quot;:0,&quot;3&quot;:3},{&quot;1&quot;:1,&quot;2&quot;:0,&quot;4&quot;:1}]},&quot;7&quot;:{&quot;1&quot;:[{&quot;1&quot;:2,&quot;2&quot;:0,&quot;5&quot;:{&quot;1&quot;:2,&quot;2&quot;:0}},{&quot;1&quot;:0,&quot;2&quot;:0,&quot;3&quot;:3},{&quot;1&quot;:1,&quot;2&quot;:0,&quot;4&quot;:1}]},&quot;8&quot;:{&quot;1&quot;:[{&quot;1&quot;:2,&quot;2&quot;:0,&quot;5&quot;:{&quot;1&quot;:2,&quot;2&quot;:0}},{&quot;1&quot;:0,&quot;2&quot;:0,&quot;3&quot;:3},{&quot;1&quot;:1,&quot;2&quot;:0,&quot;4&quot;:1}]},&quot;12&quot;:0}\">Camping agr\u00e9\u00e9 vacaf Vend\u00e9e<\/span><\/h2>\n<p style=\"text-align: left;\">Ainsi, <a href=\"http:\/\/acteurs.tourismebretagne.com\/vous-accompagne\/tourisme-pour-tous\/devenir-partenaire-des-programmes-d-acces-aux-vacances-pour-tous\/obtenir-la-labellisation-vacaf\" target=\"_blank\" rel=\"noopener noreferrer\"><strong>deux types de s\u00e9jours<\/strong><\/a> sont propos\u00e9s \u00e0 ces b\u00e9n\u00e9ficiaires :<br \/>\n\u00a0\u00bb &#8211; des <strong>s\u00e9jours pour des familles allocataires autonomes<\/strong>, qui b\u00e9n\u00e9ficient d\u2019une aide aux vacances familiales (AVF)<br \/>\n&#8211; des <strong>s\u00e9jours sociaux<\/strong> (AVS) pour des familles dont la situation sociale ou le profil particulier les excluent des dispositifs habituels de d\u00e9part en vacances et n\u00e9cessitent un accompagnement socio-\u00e9ducatif.\u00a0\u00bb<br \/>\nA Saint Christophe de Ligneron, situ\u00e9 non loin de Co\u00ebx, vous avez le choix entre plusieurs types d\u2019h\u00e9bergements. Parmi les choix classiques mais incontournables figurent les mobil-homes et chalets de diff\u00e9rents standing et superficie. Pour les amateurs de cabanes et de logements atypiques, laissez-vous tenter par un s\u00e9jour dans l\u2019un des <a href=\"https:\/\/www.vendee-camping-bellevue.com\/234-hebergements\/267-bungalow-toiles\" target=\"_blank\" rel=\"noopener noreferrer\">bungalows toil\u00e9s<\/a> ou dans <a href=\"https:\/\/www.vendee-camping-bellevue.com\/234-hebergements\/506-cabane-natura\" target=\"_blank\" rel=\"noopener noreferrer\">une cabane<\/a> !<\/p>\n<p style=\"text-align: left;\">Partir en vacances en camping agr\u00e9\u00e9 vacaf Vend\u00e9e avec Le domaine de Bellevue, c\u2019est donc s\u2019offrir des <strong>vacances en famille<\/strong> r\u00e9ussies \u00e0 petit prix !<\/p>\n<p style=\"text-align: center;\">\n","protected":false},"featured_media":0,"template":"","meta":{"_acf_changed":false,"_seopress_robots_primary_cat":"","_seopress_titles_title":"","_seopress_titles_desc":"","_seopress_robots_index":"","_vp_format_video_url":"","_vp_image_focal_point":[]},"class_list":["post-13860","editorial","type-editorial","status-publish","hentry"],"acf":[],"_links":{"self":[{"href":"https:\/\/www.vendee-camping-bellevue.com\/en\/wp-json\/wp\/v2\/editorial\/13860","targetHints":{"allow":["GET"]}}],"collection":[{"href":"https:\/\/www.vendee-camping-bellevue.com\/en\/wp-json\/wp\/v2\/editorial"}],"about":[{"href":"https:\/\/www.vendee-camping-bellevue.com\/en\/wp-json\/wp\/v2\/types\/editorial"}],"wp:attachment":[{"href":"https:\/\/www.vendee-camping-bellevue.com\/en\/wp-json\/wp\/v2\/media?parent=13860"}],"curies":[{"name":"wp","href":"https:\/\/api.w.org\/{rel}","templated":true}]}}

Vacaf Vendée approved campsite

<p style="text-align: left;">En partant avec un<strong> camping agréé vacaf Vendée</strong>, vous êtes assuré de passer des vacances au meilleur prix.<br />
C’est ce que vous propose le camping agréé du domaine du Domaine de Bellevue à Saint Christophe de Ligneron.</p>
<p style="text-align: center;"><img loading="lazy" decoding="async" class="aligncenter  wp-image-22865" src="https://www.vendee-camping-bellevue.com/wp-content/uploads/2023/12/IMG20230810213336.jpg" alt="Gage en concert sur le camping" width="716" height="955" /></p>
<p style="text-align: center;"><em>Avant tout, qui peut bénéficier de ce <strong>service vacaf</strong> ? </em><br />
Il s’agit tout simplement des bénéficiaires de la CAF ( Caisse d&rsquo;Allocation Familiale) qui n’auraient pas les moyens de partir en vacances. Parce que l’accès aux vacances est considéré comme un <a href="http://www.revue-espaces.com/librairie/1405/droit-vacances-bourse-solidarite-vacances-tourisme-social.html" target="_blank" rel="noopener noreferrer">droit fondamental</a>, le label vacaf représente un pas de plus dans la lutte contre les exclusions.<br />
<img loading="lazy" decoding="async" class="aligncenter  wp-image-22772" src="https://www.vendee-camping-bellevue.com/wp-content/uploads/2023/12/20220705_150350.jpg" alt="tir a l arc soft archery" width="892" height="669" /></p>
<h2><span data-sheets-root="1" data-sheets-value="{&quot;1&quot;:2,&quot;2&quot;:&quot;Camping agréé vacaf Vendée&quot;}" data-sheets-userformat="{&quot;2&quot;:573,&quot;3&quot;:{&quot;1&quot;:0},&quot;5&quot;:{&quot;1&quot;:[{&quot;1&quot;:2,&quot;2&quot;:0,&quot;5&quot;:{&quot;1&quot;:2,&quot;2&quot;:0}},{&quot;1&quot;:0,&quot;2&quot;:0,&quot;3&quot;:3},{&quot;1&quot;:1,&quot;2&quot;:0,&quot;4&quot;:1}]},&quot;6&quot;:{&quot;1&quot;:[{&quot;1&quot;:2,&quot;2&quot;:0,&quot;5&quot;:{&quot;1&quot;:2,&quot;2&quot;:0}},{&quot;1&quot;:0,&quot;2&quot;:0,&quot;3&quot;:3},{&quot;1&quot;:1,&quot;2&quot;:0,&quot;4&quot;:1}]},&quot;7&quot;:{&quot;1&quot;:[{&quot;1&quot;:2,&quot;2&quot;:0,&quot;5&quot;:{&quot;1&quot;:2,&quot;2&quot;:0}},{&quot;1&quot;:0,&quot;2&quot;:0,&quot;3&quot;:3},{&quot;1&quot;:1,&quot;2&quot;:0,&quot;4&quot;:1}]},&quot;8&quot;:{&quot;1&quot;:[{&quot;1&quot;:2,&quot;2&quot;:0,&quot;5&quot;:{&quot;1&quot;:2,&quot;2&quot;:0}},{&quot;1&quot;:0,&quot;2&quot;:0,&quot;3&quot;:3},{&quot;1&quot;:1,&quot;2&quot;:0,&quot;4&quot;:1}]},&quot;12&quot;:0}">Camping agréé vacaf Vendée</span></h2>
<p style="text-align: left;">Ainsi, <a href="http://acteurs.tourismebretagne.com/vous-accompagne/tourisme-pour-tous/devenir-partenaire-des-programmes-d-acces-aux-vacances-pour-tous/obtenir-la-labellisation-vacaf" target="_blank" rel="noopener noreferrer"><strong>deux types de séjours</strong></a> sont proposés à ces bénéficiaires :<br />
 » &#8211; des <strong>séjours pour des familles allocataires autonomes</strong>, qui bénéficient d’une aide aux vacances familiales (AVF)<br />
&#8211; des <strong>séjours sociaux</strong> (AVS) pour des familles dont la situation sociale ou le profil particulier les excluent des dispositifs habituels de départ en vacances et nécessitent un accompagnement socio-éducatif. »<br />
A Saint Christophe de Ligneron, situé non loin de Coëx, vous avez le choix entre plusieurs types d’hébergements. Parmi les choix classiques mais incontournables figurent les mobil-homes et chalets de différents standing et superficie. Pour les amateurs de cabanes et de logements atypiques, laissez-vous tenter par un séjour dans l’un des <a href="https://www.vendee-camping-bellevue.com/234-hebergements/267-bungalow-toiles" target="_blank" rel="noopener noreferrer">bungalows toilés</a> ou dans <a href="https://www.vendee-camping-bellevue.com/234-hebergements/506-cabane-natura" target="_blank" rel="noopener noreferrer">une cabane</a> !</p>
<p style="text-align: left;">Partir en vacances en camping agréé vacaf Vendée avec Le domaine de Bellevue, c’est donc s’offrir des <strong>vacances en famille</strong> réussies à petit prix !</p>
<p style="text-align: center;">
